 21, w*m = -5*x + 40. Calculate the highest common divisor of m and 49.
7
Suppose 4*l = 5*l - 4*c - 6, 2*c = l - 12. What is the highest common divisor of l and 36?
18
Suppose -x = 4*z - 5*x + 8, 4*x = 8. Let b(c) = c + 10. Let q be b(z). What is the highest common divisor of 80 and q?
10
Let x(w) = -w**2 - 7*w + 7. Let r be x(-5). What is the greatest common factor of 136 and r?
17
Let f be (-56 + -14)*(1 + (-17)/5). Let d = 42 + -21. What is the greatest common factor of d and f?
21
Let x be ((-2)/(-3))/(2/(-21)). Let h = x - -17. Suppose 3*u = -4*t + 264, -4*t + h*u + 264 = 5*u. Calculate the highest common divisor of t and 22.
22
Let z be ((-15)/(-9) - 1)*6. Suppose 4*g - 5*n - 24 = 0, 0 = z*n - 20 + 4. Let f(a) = a + 2. Let u be f(9). What is the highest common divisor of u and g?
11
Let j be ((-80)/(-6))/(4/66). Let g(y) = -7*y + 6. Let c be g(-2). What is the greatest common divisor of c and j?
20
Let a = 58 + -51. What is the greatest common factor of 7 and a?
7
Let y(j) = -j + 10. Let v be y(3). Calculate the greatest common divisor of v and 77.
7
Let c(o) = -2*o + 11. Let n be c(-11). What is the highest common factor of n and 11?
11
Suppose -3*p + 2*t - 30 = 0, -3*p + 4 = -3*t + 37. Let r(v) = v**2 + 9*v + 10. Let d be r(p). Calculate the highest common factor of d and 22.
2
Suppose 0*y + 2*y = 10. Suppose d - 5*c + 76 = 2*d, y*d - 5*c - 470 = 0. Calculate the greatest common factor of 13 and d.
13
Let o be (-1 - 164/(-9)) + 48/(-216). Calculate the highest common factor of 34 and o.
17
Suppose -5*f = -3*f - 28. What is the highest common divisor of f and 42?
14
Let v = 0 + 1. Suppose 2 = -z + v, -3*b + 3*z + 231 = 0. What is the greatest common divisor of 19 and b?
19
Let p(y) = y**3 - 11*y**2 + 5*y + 1. Let o(w) = w**3 + 6*w**2 + 2*w - 4. Let a be o(-5). Let d be p(a). What is the highest common factor of 8 and d?
8
Let f(l) = 3*l**2 + 4*l - 7. Let k be f(-5). Suppose -m = -3*c + 101, -4*c - 2*m + 108 = 2*m. Calculate the greatest common factor of k and c.
16
Let n be 2/(-13) + 41/13. Suppose 7 = 2*x - 5. What is the greatest common factor of x and n?
3
Let a be 0/(3/(6/4)). Suppose a*m - 5*m = -105. Calculate the greatest common factor of 7 and m.
7
Let j = 15 + 9. Let k(d) = -d**3 + 5*d**2 - 3*d + 6. Let x be k(4). Suppose 65 = 5*r + 5*v, 0*r + 2*v = -r + x. What is the highest common divisor of j and r?
8
Suppose -4*q - m - 105 = 0, 2*q = 3*m - 8*m - 75. Let b = q + 45. Suppose -3*x + 8*x - 40 = 0. What is the greatest common factor of x and b?
4
Let r(s) = 4*s + 20. Let p(w) = 2*w + 10. Let m(a) = -5*p(a) + 2*r(a). Let g be m(-8). What is the greatest common factor of 6 and g?
6
Let y(a) = a**2 + a - 4. Let s be (-115)/(-35) + (-2)/7. Let l be y(s). Calculate the greatest common factor of l and 2.
2
Let i(b) = 3*b**2 - 17*b - 11. Let f be i(8). Calculate the highest common divisor of 9 and f.
9
Let h(y) = -y**3 + 4*y**2 + 13*y + 6. Let i be h(6). Let w = -44 + 74. Calculate the highest common divisor of w and i.
6
Let y(i) be the second derivative of -35*i**3/6 - 3*i**2/2 + 2*i. Let m be y(4). Let d = 203 + m. Calculate the highest common divisor of 15 and d.
15
Let x be 4*-3*1/6. Let f be ((-8)/(-6))/(x/(-264)). What is the highest common factor of 16 and f?
16
Suppose 6*r - 20 = 2*r. Suppose -g = r - 27. What is the highest common divisor of g and 11?
11
Suppose 2*q + 90 = 3*s, -8*s - 3*q + 103 = -4*s. What is the highest common divisor of 8 and s?
4
Suppose -193 + 57 = 4*u. Let r = -14 - u. What is the highest common factor of 8 and r?
4
Let q = -41 - -66. Let n be (-2)/(q/9 - 3). Let c = -5 - -8. Calculate the highest common divisor of c and n.
3
Let v(s) = -2*s + 19. Let g be v(0). Calculate the greatest common factor of 209 and g.
19
Suppose -177 = -2*n + c, -4*n - 2*c + 429 = n. Let j = -39 + n. Suppose 21 - 7 = 3*k + 4*g, 3*k - 3*g - 21 = 0. Calculate the highest common factor of k and j.
6
Suppose -c - 4*c + 10 = 0. Let h(r) = -r + 1. Let w be h(-1). Calculate the greatest common factor of w and c.
2
Suppose -2*i - 55 - 53 = -4*u, 4*i + 138 = 5*u. Calculate the highest common divisor of u and 91.
13
Let t(k) = -6*k - 12. Let o be t(-8). Calculate the greatest common divisor of 24 and o.
12
Let o = -18 + 1. Let v be o/(-2) + 2/4. Suppose y - 25 = 3*h + h, h = 2*y - 22. Calculate the greatest common divisor of v and y.
9
Suppose t + 4*k - 2 = -t, 0 = -t + 2*k - 11. Let r(c) = 3*c**2 - 5*c. Let a be r(t). Let z = 142 - a. Calculate the greatest common factor of z and 14.
14
Let t(b) = b**2 + 8*b + 7. Let z be t(-9). Calculate the greatest common factor of z and 72.
8
Let l(t) = -66*t - 1 - 68*t + 128*t. Let i be (0 + 2 - 2) + -2. Let z be l(i). What is the greatest common factor of z and 55?
11
Let t be (2 + 25/(-10))/((-1)/6). Let a be (-118)/(-8) + 1/4. What is the greatest common factor of a and t?
3
Let r(a) be the third derivative of a**5/60 + a**4/4 + a**3 + a**2. Let k be r(-4). Let s be (35/k)/(2/(-4)). Calculate the greatest common factor of 14 and s.
7
Suppose 0*j = 3*j. Let h = j + 3. What is the greatest common factor of h and 33?
3
Suppose -3*h + 44 = 2*j, h + 5*j - 20 = 12. Let n(b) = -4*b**2. Let l be n(-1). Let y be (l/(-3))/(2/36). Calculate the greatest common divisor of h and y.
12
Let d = -1 - -1. Suppose -4 = q - 33. Suppose d = -2*s - 3*j + 19, -s = 4*j + 7 - q. Calculate the highest common divisor of s and 10.
2
Suppose 11 = -l + 5*y, y - 9 = -3*l + 2*y. Let a = 1 + -1. Suppose 4*g - 22 - 55 = 3*c, a = 5*g + 5*c - 105. What is the greatest common factor of g and l?
4
Suppose 3*i - 18 = i. Let h be (-93)/12 - 1/4. Let z = 14 + h. Calculate the highest common factor of z and i.
3
Let y be (-290)/(-8) - 13/52. Calculate the highest common factor of 24 and y.
12
Suppose -33 = -3*p - 3*r, -23 = -p - 6*r + r. Suppose 4 = -3*z + 196. What is the highest common divisor of p and z?
8
Suppose -5*x - 36 = -2*b, x + 44 = 5*b - 0*x. Suppose 3*u = n + 2 - 10, 4*n + u = 6. Let k be (-40)/(-1 + n - 2). What is the highest common factor of k and b?
8
Suppose 3*s + 2*t - 80 = 0, -s - 5*t + 10 = -8. Calculate the highest common divisor of s and 252.
28
Suppose -22 = -6*w + 3*w + 4*v, 8 = 2*w + 4*v. Calculate the highest common divisor of w and 12.
6
Suppose -w + 41 = -5*l, -2*w - 2*w + 4*l + 212 = 0. Let x(q) = 6*q**2 + q. Let b be x(1). What is the highest common factor of b and w?
7
Suppose 2*o + o + 5*y = -6, 2*o = 2*y + 12. Let r(l) = -8*l + 3. Let t be r(o). Let c = -11 - t. Calculate the highest common divisor of c and 30.
10
Let z(d) = -2*d + 1. Let u be z(-7). Let k = 35 - 20. Calculate the highest common factor of k and u.
15
Let x = 6 + -2. Suppose -x*y - 11 = -71. Calculate the greatest common factor of 15 and y.
15
Let u = -84 + 140. Calculate the greatest common factor of u and 28.
28
Suppose 3 - 20 = -5*u + 2*r, u = -3*r + 17. Let f = 51 + u. What is the highest common factor of f and 8?
8
Suppose -3*c = 12, 3*m + 2*c = -c + 45. Calculate the greatest common factor of m and 171.
19
Let s = -2 + 7. Calculate the greatest common factor of s and 35.
5
Suppose 42 = 3*k - 0*k + r, k + 5*r = 0. What is the highest common divisor of 15 and k?
15
Suppose -4*f = -181 - 179. What is the greatest common factor of f and 10?
10
Let p = 4 + -1. Calculate the greatest common factor of p and 6.
3
Suppose 4*t - 11 - 21 = 0. Suppose 3*n - 103 = 77. Suppose 3*c + n = t*c. Calculate the greatest common factor of 8 and c.
4
Let g = -16 - -26. Let l be ((-4)/6)/(g/(-15)). Calculate the highest common divisor of 9 and l.
1
Let j = -83 + 122. What is the greatest common factor of 195 and j?
39
Let f be 4 + 1 + -2 + 0. Suppose -f*b = -b - 4*i - 52, 0 = b - 4*i - 32. Calculate the highest common factor of 140 and b.
20
Let i be (1*10 + -5 + 2)/1. Calculate the highest common divisor of i and 28.
7
Let x be (-7)/21 - 392/(-6). What is the greatest common factor of 13 and x?
13
Let v be 3/((-9)/13)*-27. Let x be 515/40 - (-1)/8. Calculate the greatest common factor of v and x.
13
Suppose -5*a + 141 = -114. Calculate the highest common factor of 34 and a.
17
Let m(i) = -5*i - 24. Let h be m(-14). Suppose -3*y + 355 = 3*a - y, 4*a - 455 = y. What is the highest common factor of h and a?
23
Let d = 62 + -44. Suppose 2*t - 7 = -5